{"id":207,"date":"2024-04-09T09:41:35","date_gmt":"2024-04-09T09:41:35","guid":{"rendered":"https:\/\/www.entraideprotestantelarochelle.fr\/SiteEntraide\/?page_id=207"},"modified":"2024-06-05T15:51:31","modified_gmt":"2024-06-05T15:51:31","slug":"mise-a-disposition-de-salles","status":"publish","type":"page","link":"https:\/\/www.entraideprotestantelarochelle.fr\/SiteEntraide\/mise-a-disposition-de-salles\/","title":{"rendered":"La l\u00e9gumerie et sa salle"},"content":{"rendered":"\n<p class=\"wp-block-paragraph\">Aux portes de La Rochelle, dans un cadre bucolique, le domaine de l&rsquo;Aubre\u00e7ay vous propose une l\u00e9gumerie pour r\u00e9aliser des ateliers de cuisine ou de la petite transformation. Vous avez le choix entre r\u00e9server la l\u00e9gumerie seule avec ses \u00e9quipements, ou bien la l\u00e9gumerie et la salle conviviale o\u00f9 vous pourrez prendre sur place le repas que vous aurez pr\u00e9par\u00e9. C\u2019est vous qui d\u00e9cidez !<\/p>\n\n\n\n<p class=\"wp-block-paragraph\"><strong>ACC\u00c8S<\/strong><br>En voiture : Le domaine de l\u2019Aubre\u00e7ay est situ\u00e9 au 4 rue Cavelier de La Salle \u00e0 Saint-Xandre, \u00e0 1\/4h en voiture de La Rochelle. Le parking est gratuit.<br>En bus : L\u2019arr\u00eat de la ligne 12 est situ\u00e9 \u00e0 5 mn \u00e0 pied et vous relie \u00e0 la place de Verdun en vingt minutes.<\/p>\n\n\n\n<p class=\"has-text-align-center has-body-text-color has-text-color has-link-color has-regular-font-size wp-elements-2bace1191f8c20ebcea8b7ae7244d7f0 wp-block-paragraph\"><strong>Vous faites des ateliers de cuisine ou de la petite transformation ? R\u00e9servez la l\u00e9gumerie !<\/strong><\/p>\n\n\n\n<div class=\"wp-block-columns is-layout-flex wp-container-core-columns-is-layout-7387b849 wp-block-columns-is-layout-flex\">\n<div class=\"wp-block-column is-vertically-aligned-stretch is-layout-flow wp-container-core-column-is-layout-a7dce961 wp-block-column-is-layout-flow\" style=\"flex-basis:33.33%\">\n<figure class=\"wp-block-video\"><video height=\"1920\" style=\"aspect-ratio: 1080 \/ 1920;\" width=\"1080\" controls src=\"https:\/\/www.entraideprotestantelarochelle.fr\/SiteEntraide\/wp-content\/uploads\/2024\/06\/Les-Jardins-de-lAubrecay-1-1.mp4\"><\/video><\/figure>\n<\/div>\n\n\n\n<div class=\"wp-block-column is-vertically-aligned-stretch is-layout-flow wp-container-core-column-is-layout-a7dce961 wp-block-column-is-layout-flow\" style=\"flex-basis:66.66%\">\n<figure class=\"wp-block-image alignright size-large is-resized\"><img loading=\"lazy\" decoding=\"async\" width=\"960\" height=\"1024\" src=\"https:\/\/www.entraideprotestantelarochelle.fr\/SiteEntraide\/wp-content\/uploads\/2024\/06\/Legumerie-1-960x1024.jpg\" alt=\"\" class=\"wp-image-463\" style=\"width:639px;height:auto\" srcset=\"https:\/\/www.entraideprotestantelarochelle.fr\/SiteEntraide\/wp-content\/uploads\/2024\/06\/Legumerie-1-960x1024.jpg 960w, https:\/\/www.entraideprotestantelarochelle.fr\/SiteEntraide\/wp-content\/uploads\/2024\/06\/Legumerie-1-281x300.jpg 281w, https:\/\/www.entraideprotestantelarochelle.fr\/SiteEntraide\/wp-content\/uploads\/2024\/06\/Legumerie-1-768x820.jpg 768w, https:\/\/www.entraideprotestantelarochelle.fr\/SiteEntraide\/wp-content\/uploads\/2024\/06\/Legumerie-1.jpg 1312w\" sizes=\"auto, (max-width: 960px) 100vw, 960px\" \/><\/figure>\n<\/div>\n<\/div>\n\n\n\n<div class=\"wp-block-columns has-body-text-color has-text-color has-background has-link-color wp-elements-377841c9520144d6f2f5cd18154ebf4c is-layout-flex wp-container-core-columns-is-layout-7387b849 wp-block-columns-is-layout-flex\" style=\"background:linear-gradient(135deg,rgb(238,238,238) 52%,rgb(216,220,223) 100%)\">\n<div class=\"wp-block-column is-layout-flow wp-block-column-is-layout-flow\">\n<p class=\"wp-block-paragraph\"><strong>\u00c9quipement de cuisine :<\/strong><\/p>\n\n\n\n<ul class=\"wp-block-list\">\n<li>2 plonges 2 bacs<\/li>\n\n\n\n<li>1 lave-vaisselle<\/li>\n\n\n\n<li>1 fourneau professionnel gaz 4 feux + hotte d\u2019aspiration<\/li>\n\n\n\n<li>1 r\u00e9frig\u00e9rateur dimensions : 1800x600x600<\/li>\n\n\n\n<li>2 paillasses de dimension 1500\u00d7700<\/li>\n\n\n\n<li>1 paillasse de dimension 1800\u00d7700<\/li>\n\n\n\n<li>1 chariot de service<\/li>\n\n\n\n<li>2 placards de rangement en inox<\/li>\n\n\n\n<li>1 lave main avec commande au genou<\/li>\n\n\n\n<li>1 ensemble de poubelles pour tri<\/li>\n<\/ul>\n<\/div>\n\n\n\n<div class=\"wp-block-column is-layout-flow wp-block-column-is-layout-flow\">\n<p class=\"wp-block-paragraph\"><strong>Mat\u00e9riel&nbsp;de cuisine&nbsp;:<\/strong><\/p>\n\n\n\n<ul class=\"wp-block-list\">\n<li>1 balance 15kg, pr\u00e9cision 2g<\/li>\n\n\n\n<li>1 mixeur plongeur<\/li>\n\n\n\n<li>1 thermom\u00e8tre \u00e0 sucre<\/li>\n\n\n\n<li>1 passoire inox diam\u00e8tre 32<\/li>\n\n\n\n<li>2 bassines inox diam 24 et 32<\/li>\n\n\n\n<li>4 bacs gastro 1\/1&nbsp;: hauteur 200mm, 100mm, 65mm, perfor\u00e9 65mm<\/li>\n\n\n\n<li>3 spatules plastique<\/li>\n\n\n\n<li>1 pince universelle<\/li>\n\n\n\n<li>1 entonnoir \u00e0 confiture<\/li>\n\n\n\n<li>4 couteaux d\u2019office<\/li>\n\n\n\n<li>2 \u00e9conomes<\/li>\n\n\n\n<li>1 \u00e9cumoire<\/li>\n\n\n\n<li>1 louche diam\u00e8tre 10<\/li>\n\n\n\n<li>3 planches \u00e0 d\u00e9couper poly\u00e9thyl\u00e8ne basse densit\u00e9<\/li>\n<\/ul>\n<\/div>\n\n\n\n<div class=\"wp-block-column is-layout-flow wp-block-column-is-layout-flow\">\n<p class=\"wp-block-paragraph\"><strong>Casserolerie \/ cuisson :<\/strong><\/p>\n\n\n\n<ul class=\"wp-block-list\">\n<li>2 marmite basse inox \u2013 diam\u00e8tre 28, 40<\/li>\n\n\n\n<li>1 marmite haute \u2013 diam\u00e8tre 28cm<\/li>\n\n\n\n<li>2 po\u00eales diam\u00e8tre 28cm et 36cm<\/li>\n\n\n\n<li>1 casserole diam\u00e8tre 28cm<\/li>\n\n\n\n<li>1 plaque de cuisson 53\u00d732,5<\/li>\n\n\n\n<li>1 rectangle pour plaque&nbsp;: 47,5\u00d730,5 \u2013 H=5cm<\/li>\n<\/ul>\n<\/div>\n<\/div>\n\n\n\n<div class=\"wp-block-columns has-body-text-color has-text-color has-background has-link-color wp-elements-c743d50b53f0d4497cbf1d04d5a630e7 is-layout-flex wp-container-core-columns-is-layout-7387b849 wp-block-columns-is-layout-flex\" style=\"background:linear-gradient(135deg,rgb(238,238,238) 52%,rgb(216,220,223) 100%)\">\n<div class=\"wp-block-column is-layout-flow wp-block-column-is-layout-flow\">\n<p class=\"wp-block-paragraph\"><strong>\u00c9quipement salle\/vestiaires :<\/strong><\/p>\n\n\n\n<ul class=\"wp-block-list\">\n<li>12 casiers de vestiaires,<\/li>\n\n\n\n<li>6 pat\u00e8res<\/li>\n\n\n\n<li>1 buffet pour la vaisselle<\/li>\n\n\n\n<li>4 tables bois pliantes de dimension<\/li>\n\n\n\n<li>60 chaises pliantes<\/li>\n\n\n\n<li>14 chaises<\/li>\n\n\n\n<li>1 \u00e9cran t\u00e9l\u00e9<\/li>\n<\/ul>\n<\/div>\n\n\n\n<div class=\"wp-block-column is-layout-flow wp-block-column-is-layout-flow\">\n<p class=\"wp-block-paragraph\"><strong>Vaisselle&nbsp;:<\/strong><\/p>\n\n\n\n<ul class=\"wp-block-list\">\n<li>50 assiettes<\/li>\n\n\n\n<li>6 bols<\/li>\n\n\n\n<li>25 assiettes \u00e0 dessert&nbsp;<\/li>\n\n\n\n<li>11 assiettes \u00e0 caf\u00e9<\/li>\n\n\n\n<li>5 pichets<\/li>\n\n\n\n<li>1 plateau<\/li>\n\n\n\n<li>6 coupelles \u00e0 glace<\/li>\n\n\n\n<li>20 tasses<\/li>\n<\/ul>\n<\/div>\n\n\n\n<div class=\"wp-block-column is-layout-flow wp-block-column-is-layout-flow\">\n<p class=\"wp-block-paragraph\"><\/p>\n\n\n\n<ul class=\"wp-block-list\">\n<li>1 th\u00e9i\u00e8re<\/li>\n\n\n\n<li>6 saladiers&nbsp;<\/li>\n\n\n\n<li>1 plats en verre<\/li>\n\n\n\n<li>22 verres<\/li>\n\n\n\n<li>28 verres \u00e0 vin<\/li>\n\n\n\n<li>27 fourchettes<\/li>\n\n\n\n<li>39 petites cuill\u00e8res<\/li>\n\n\n\n<li>4 cuill\u00e8res \u00e0 caf\u00e9<\/li>\n<\/ul>\n<\/div>\n<\/div>\n\n\n\n<p class=\"has-text-align-center wp-block-paragraph\" style=\"margin-top:var(--wp--preset--spacing--40);margin-right:var(--wp--preset--spacing--40);margin-bottom:var(--wp--preset--spacing--40);margin-left:var(--wp--preset--spacing--40)\"><strong>L\u00e9gumerie seule<\/strong><\/p>\n\n\n\n<figure class=\"wp-block-image aligncenter size-large\"><img loading=\"lazy\" decoding=\"async\" width=\"1024\" height=\"260\" src=\"https:\/\/www.entraideprotestantelarochelle.fr\/SiteEntraide\/wp-content\/uploads\/2024\/04\/01-Cuisine1-1024x260.jpg\" alt=\"\" class=\"wp-image-243\" srcset=\"https:\/\/www.entraideprotestantelarochelle.fr\/SiteEntraide\/wp-content\/uploads\/2024\/04\/01-Cuisine1-1024x260.jpg 1024w, https:\/\/www.entraideprotestantelarochelle.fr\/SiteEntraide\/wp-content\/uploads\/2024\/04\/01-Cuisine1-300x76.jpg 300w, https:\/\/www.entraideprotestantelarochelle.fr\/SiteEntraide\/wp-content\/uploads\/2024\/04\/01-Cuisine1-768x195.jpg 768w, https:\/\/www.entraideprotestantelarochelle.fr\/SiteEntraide\/wp-content\/uploads\/2024\/04\/01-Cuisine1-1536x391.jpg 1536w, https:\/\/www.entraideprotestantelarochelle.fr\/SiteEntraide\/wp-content\/uploads\/2024\/04\/01-Cuisine1-2048x521.jpg 2048w\" sizes=\"auto, (max-width: 1024px) 100vw, 1024px\" \/><\/figure>\n\n\n\n<p class=\"has-text-align-center wp-block-paragraph\" style=\"margin-top:var(--wp--preset--spacing--40);margin-right:var(--wp--preset--spacing--40);margin-bottom:var(--wp--preset--spacing--40);margin-left:var(--wp--preset--spacing--40)\"><strong>L\u00e9gumerie + salle de la l\u00e9gumerie<\/strong><\/p>\n\n\n\n<figure class=\"wp-block-image aligncenter size-large\"><img loading=\"lazy\" decoding=\"async\" width=\"1024\" height=\"263\" src=\"https:\/\/www.entraideprotestantelarochelle.fr\/SiteEntraide\/wp-content\/uploads\/2024\/04\/02-Cuisine1-1024x263.jpg\" alt=\"\" class=\"wp-image-245\" srcset=\"https:\/\/www.entraideprotestantelarochelle.fr\/SiteEntraide\/wp-content\/uploads\/2024\/04\/02-Cuisine1-1024x263.jpg 1024w, https:\/\/www.entraideprotestantelarochelle.fr\/SiteEntraide\/wp-content\/uploads\/2024\/04\/02-Cuisine1-300x77.jpg 300w, https:\/\/www.entraideprotestantelarochelle.fr\/SiteEntraide\/wp-content\/uploads\/2024\/04\/02-Cuisine1-768x197.jpg 768w, https:\/\/www.entraideprotestantelarochelle.fr\/SiteEntraide\/wp-content\/uploads\/2024\/04\/02-Cuisine1-1536x394.jpg 1536w, https:\/\/www.entraideprotestantelarochelle.fr\/SiteEntraide\/wp-content\/uploads\/2024\/04\/02-Cuisine1-2048x526.jpg 2048w\" sizes=\"auto, (max-width: 1024px) 100vw, 1024px\" \/><\/figure>\n\n\n\n<p class=\"has-text-align-center wp-block-paragraph\">Le tarif nettoyage est de 30 \u20ac pour la l\u00e9gumerie seule et de 60 \u20ac pour la l\u00e9gumerie + la salle.<\/p>\n\n\n\n<p class=\"wp-block-paragraph\">Vous pouvez r\u00e9server ces espaces \u00e0 tout moment. Il suffit de prendre contact avec nous par&nbsp;mail ou par&nbsp;t\u00e9l\u00e9phone.<\/p>\n\n\n\n<p class=\"wp-block-paragraph\"><strong>R\u00c9SERVATION <\/strong><br>par mail : contact@jardins-aubre\u00e7ay.org<br>ou par t\u00e9l\u00e9phone : 06 22 53 05 39<\/p>\n","protected":false},"excerpt":{"rendered":"<p>Aux portes de La Rochelle, dans un cadre bucolique, le domaine de l&rsquo;Aubre\u00e7ay vous propose une l\u00e9gumerie pour r\u00e9aliser des ateliers de cuisine ou de la petite transformation. Vous avez le choix entre r\u00e9server la l\u00e9gumerie seule avec ses \u00e9quipements, ou bien la l\u00e9gumerie et la salle conviviale o\u00f9 vous pourrez prendre sur place le [&hellip;]<\/p>\n","protected":false},"author":1,"featured_media":0,"parent":0,"menu_order":0,"comment_status":"closed","ping_status":"closed","template":"","meta":{"_crdt_document":"","_mc_calendar":[],"footnotes":""},"class_list":["post-207","page","type-page","status-publish","hentry"],"_links":{"self":[{"href":"https:\/\/www.entraideprotestantelarochelle.fr\/SiteEntraide\/wp-json\/wp\/v2\/pages\/207","targetHints":{"allow":["GET"]}}],"collection":[{"href":"https:\/\/www.entraideprotestantelarochelle.fr\/SiteEntraide\/wp-json\/wp\/v2\/pages"}],"about":[{"href":"https:\/\/www.entraideprotestantelarochelle.fr\/SiteEntraide\/wp-json\/wp\/v2\/types\/page"}],"author":[{"embeddable":true,"href":"https:\/\/www.entraideprotestantelarochelle.fr\/SiteEntraide\/wp-json\/wp\/v2\/users\/1"}],"replies":[{"embeddable":true,"href":"https:\/\/www.entraideprotestantelarochelle.fr\/SiteEntraide\/wp-json\/wp\/v2\/comments?post=207"}],"version-history":[{"count":24,"href":"https:\/\/www.entraideprotestantelarochelle.fr\/SiteEntraide\/wp-json\/wp\/v2\/pages\/207\/revisions"}],"predecessor-version":[{"id":466,"href":"https:\/\/www.entraideprotestantelarochelle.fr\/SiteEntraide\/wp-json\/wp\/v2\/pages\/207\/revisions\/466"}],"wp:attachment":[{"href":"https:\/\/www.entraideprotestantelarochelle.fr\/SiteEntraide\/wp-json\/wp\/v2\/media?parent=207"}],"curies":[{"name":"wp","href":"https:\/\/api.w.org\/{rel}","templated":true}]}}