{"id":34,"date":"2024-04-02T08:59:16","date_gmt":"2024-04-02T08:59:16","guid":{"rendered":"https:\/\/www.entraideprotestantelarochelle.fr\/SiteEntraide\/?page_id=34"},"modified":"2025-04-16T07:15:27","modified_gmt":"2025-04-16T07:15:27","slug":"qui-sommes-nous-2","status":"publish","type":"page","link":"https:\/\/www.entraideprotestantelarochelle.fr\/SiteEntraide\/qui-sommes-nous-2\/","title":{"rendered":"Qui sommes-nous ?"},"content":{"rendered":"\n<p class=\"has-regular-font-size wp-block-paragraph\"><strong>Membres du Conseil d&rsquo;administration<\/strong><\/p>\n\n\n\n<ul class=\"wp-block-list\">\n<li class=\"has-small-font-size\">Jacques LEBEAUX, pr\u00e9sident<\/li>\n\n\n\n<li>Lo\u00efc ENGELHARD, vice-pr\u00e9sident, en charge des questions immobili\u00e8res<br><em>Engag\u00e9 depuis 2021, j\u2019ai en charge les questions immobili\u00e8res au sein de l\u2019entraide protestante \u00e0 La Rochelle. Suivis de travaux au domaine de l\u2019Aubre\u00e7ay, entretien du parc, relation avec la Fondation des Diaconesses, vente du terrain de Saint-Xandre\u2026<\/em><\/li>\n\n\n\n<li class=\"has-small-font-size\">Bernard MARTIN, vice-pr\u00e9sident<\/li>\n\n\n\n<li class=\"has-small-font-size\">Corinne QUILLET, tr\u00e9sori\u00e8re<br><em>Depuis janvier 2022, je suis tr\u00e8s impliqu\u00e9e dans ma mission de tr\u00e9sori\u00e8re multi-t\u00e2ches. C\u2019est un engagement tr\u00e8s prenant mais tr\u00e8s enrichissant.<\/em><\/li>\n\n\n\n<li>Christiane CHEYRON, secr\u00e9taire<\/li>\n\n\n\n<li>Alain WIEDEMANN, secr\u00e9taire adjoint<\/li>\n\n\n\n<li class=\"has-small-font-size\">Monique CHARRIAU<\/li>\n\n\n\n<li class=\"has-small-font-size\">Marie-Pierre DRUAUX-BOUTEIL<\/li>\n\n\n\n<li class=\"has-small-font-size\">Bernard GUEFFIER<\/li>\n\n\n\n<li class=\"has-small-font-size\">Monique MICHAUD<\/li>\n\n\n\n<li class=\"has-small-font-size\">Claude MOSS\u00c9<\/li>\n\n\n\n<li class=\"has-small-font-size\">Marie-Fran\u00e7oise POISSON<\/li>\n<\/ul>\n\n\n\n<p class=\"wp-block-paragraph\">Le pasteur de l&rsquo;Eglise protestante unie de La Rochelle est invit\u00e9 au Conseil d&rsquo;administration.<\/p>\n\n\n\n<div class=\"wp-block-columns has-border-color has-body-text-border-color has-body-text-color has-white-background-color has-text-color has-background has-link-color wp-elements-ae6210dff19aa6f5ced7b163cde0b496 is-layout-flex wp-container-core-columns-is-layout-fdeaa0c9 wp-block-columns-is-layout-flex\" style=\"border-width:1px;padding-right:0;padding-left:0\">\n<div class=\"wp-block-column has-global-padding is-content-justification-left is-layout-constrained wp-container-core-column-is-layout-54d22900 wp-block-column-is-layout-constrained\" style=\"flex-basis:20%\">\n<figure class=\"wp-block-image aligncenter size-large is-resized\"><a href=\"https:\/\/fep.asso.fr\/\"><img loading=\"lazy\" decoding=\"async\" width=\"1024\" height=\"615\" src=\"https:\/\/www.entraideprotestantelarochelle.fr\/SiteEntraide\/wp-content\/uploads\/2024\/04\/FEP-1024x615.jpg\" alt=\"\" class=\"wp-image-309\" style=\"width:196px;height:auto\" srcset=\"https:\/\/www.entraideprotestantelarochelle.fr\/SiteEntraide\/wp-content\/uploads\/2024\/04\/FEP-1024x615.jpg 1024w, https:\/\/www.entraideprotestantelarochelle.fr\/SiteEntraide\/wp-content\/uploads\/2024\/04\/FEP-300x180.jpg 300w, https:\/\/www.entraideprotestantelarochelle.fr\/SiteEntraide\/wp-content\/uploads\/2024\/04\/FEP-768x462.jpg 768w, https:\/\/www.entraideprotestantelarochelle.fr\/SiteEntraide\/wp-content\/uploads\/2024\/04\/FEP.jpg 1346w\" sizes=\"auto, (max-width: 1024px) 100vw, 1024px\" \/><\/a><\/figure>\n<\/div>\n\n\n\n<div class=\"wp-block-column is-layout-flow wp-block-column-is-layout-flow\" style=\"flex-basis:66.66%\">\n<p class=\"has-text-align-center wp-block-paragraph\"><br>L\u2019Entraide protestante de La Rochelle est membre <br>de la F\u00e9d\u00e9ration de l\u2019Entraide protestante.<\/p>\n<\/div>\n<\/div>\n\n\n\n<p class=\"has-regular-font-size wp-block-paragraph\"><strong>Historique<\/strong><\/p>\n\n\n\n<p class=\"wp-block-paragraph\">Du XIX<sup>e<\/sup> au milieu du XX<sup>e<\/sup> si\u00e8cle, les protestants repr\u00e9sentent 10\u2009% de la population rochelaise, soit 1000 habitants environ. Loin de n\u2019\u00eatre que spirituelle, la foi de ses membres s\u2019exprime aussi et surtout en actes. Fond\u00e9e en 1829 pour porter secours aux indigents, l\u2019Entraide protestante de La Rochelle est alors appel\u00e9e \u00ab Soci\u00e9t\u00e9 de charit\u00e9 des dames protestantes de La Rochelle \u00bb, institution reconnue d\u2019utilit\u00e9 publique en 1887. Par ses actions aupr\u00e8s des plus d\u00e9munis, elle b\u00e9n\u00e9ficie d\u2019une certaine reconnaissance dans la cit\u00e9. Elle change une premi\u00e8re fois de nom en 1973 et devient l&rsquo;Entraide de l\u2019\u00c9glise r\u00e9form\u00e9e de La Rochelle. Parmi les changements, notons que d\u00e9sormais, les messieurs peuvent \u00eatre \u00e9lecteurs et \u00e9ligibles ! Dans les ann\u00e9es 2000, elle devient l&rsquo;Entraide protestante de La Rochelle lors de la fusion des \u00c9glises luth\u00e9ro-r\u00e9form\u00e9es.<\/p>\n\n\n\n<p class=\"wp-block-paragraph\"><strong>L\u2019\u00e9ducation au c\u0153ur de son projet<\/strong><\/p>\n\n\n\n<p class=\"wp-block-paragraph\">D\u00e8s sa cr\u00e9ation, la Soci\u00e9t\u00e9 de charit\u00e9 des dames protestantes d\u00e9veloppe des actions de secours et d\u2019entraide aux plus d\u00e9munis. En plus des distributions alimentaires et des visites aux personnes seules, elle cr\u00e9e en 1844 une \u00e9cole de filles et un jardin d\u2019enfants, puis en 1890 une \u00e9cole m\u00e9nag\u00e8re afin de donner un avenir aux jeunes filles isol\u00e9es. La Soci\u00e9t\u00e9 permet aussi l\u2019acc\u00e8s aux vacances de nombreux enfants dans des colonies ou des camps de scoutisme ou, par la suite, au domaine de l\u2019Aubre\u00e7ay.<\/p>\n\n\n\n<figure class=\"wp-block-gallery has-nested-images columns-default is-cropped wp-block-gallery-1 is-layout-flex wp-block-gallery-is-layout-flex\">\n<figure class=\"wp-block-image size-large\"><img loading=\"lazy\" decoding=\"async\" width=\"1629\" height=\"916\" data-id=\"328\" src=\"https:\/\/www.entraideprotestantelarochelle.fr\/SiteEntraide\/wp-content\/uploads\/2024\/04\/5FiSAINT-XANDRE0015-edited-1.jpg\" alt=\"\" class=\"wp-image-328\" srcset=\"https:\/\/www.entraideprotestantelarochelle.fr\/SiteEntraide\/wp-content\/uploads\/2024\/04\/5FiSAINT-XANDRE0015-edited-1.jpg 1629w, https:\/\/www.entraideprotestantelarochelle.fr\/SiteEntraide\/wp-content\/uploads\/2024\/04\/5FiSAINT-XANDRE0015-edited-1-300x169.jpg 300w, https:\/\/www.entraideprotestantelarochelle.fr\/SiteEntraide\/wp-content\/uploads\/2024\/04\/5FiSAINT-XANDRE0015-edited-1-1024x576.jpg 1024w, https:\/\/www.entraideprotestantelarochelle.fr\/SiteEntraide\/wp-content\/uploads\/2024\/04\/5FiSAINT-XANDRE0015-edited-1-768x432.jpg 768w, https:\/\/www.entraideprotestantelarochelle.fr\/SiteEntraide\/wp-content\/uploads\/2024\/04\/5FiSAINT-XANDRE0015-edited-1-1536x864.jpg 1536w\" sizes=\"auto, (max-width: 1629px) 100vw, 1629px\" \/><\/figure>\n\n\n\n<figure class=\"wp-block-image size-large\"><img loading=\"lazy\" decoding=\"async\" width=\"1676\" height=\"942\" data-id=\"329\" src=\"https:\/\/www.entraideprotestantelarochelle.fr\/SiteEntraide\/wp-content\/uploads\/2024\/04\/04-Colo2-300RVB-1-edited.jpg\" alt=\"\" class=\"wp-image-329\" srcset=\"https:\/\/www.entraideprotestantelarochelle.fr\/SiteEntraide\/wp-content\/uploads\/2024\/04\/04-Colo2-300RVB-1-edited.jpg 1676w, https:\/\/www.entraideprotestantelarochelle.fr\/SiteEntraide\/wp-content\/uploads\/2024\/04\/04-Colo2-300RVB-1-edited-300x169.jpg 300w, https:\/\/www.entraideprotestantelarochelle.fr\/SiteEntraide\/wp-content\/uploads\/2024\/04\/04-Colo2-300RVB-1-edited-1024x576.jpg 1024w, https:\/\/www.entraideprotestantelarochelle.fr\/SiteEntraide\/wp-content\/uploads\/2024\/04\/04-Colo2-300RVB-1-edited-768x432.jpg 768w, https:\/\/www.entraideprotestantelarochelle.fr\/SiteEntraide\/wp-content\/uploads\/2024\/04\/04-Colo2-300RVB-1-edited-1536x863.jpg 1536w\" sizes=\"auto, (max-width: 1676px) 100vw, 1676px\" \/><\/figure>\n<\/figure>\n\n\n\n<p class=\"wp-block-paragraph\">L\u00e9once Vieljeux (1865-1944), maire de la ville de 1930 \u00e0 1940, fonde le Foyer \u00e9vang\u00e9lique qui permet de mettre en place un accueil des personnes fragiles en plein centre-ville. Notons \u00e9galement la cr\u00e9ation d\u2019une Fraternit\u00e9 de la Mission populaire \u00e9vang\u00e9lique en 1946, dans le quartier de Mireuil. Les protestants, \u00e0 travers ces diff\u00e9rentes associations, sont au c\u0153ur de la solidarit\u00e9 \u00e0 La Rochelle, entre aide alimentaire, soutien aux personnes seules et conseils.<\/p>\n\n\n\n<p class=\"wp-block-paragraph\"><strong>\u00c0 l&rsquo;Aubre\u00e7ay<\/strong><\/p>\n\n\n\n<p class=\"wp-block-paragraph\">En 1916, le domaine de l\u2019Aubre\u00e7ay, fra\u00eechement acquis \u00e0 la suite d\u2019un legs, s\u2019ouvre \u00e0 l\u2019h\u00e9bergement et au soin quotidien des enfants, puis en 1946 \u00e0 l\u2019accueil d\u2019enfants inadapt\u00e9s : \u00ab<em>Les enfants inadapt\u00e9s sont d\u2019abord des malades, enfants de familles d\u00e9ficientes, mortes ou en prison. La proximit\u00e9 avec des d\u00e9linquants plus \u00e2g\u00e9s ou l\u2019entourage joue un r\u00f4le. La mis\u00e8re et la d\u00e9sesp\u00e9rance sont autant de rouages agissants. M. Beauvois (l\u2019\u00e9ducateur) nous parle des HLM, enfin nous montre \u00e0 quel point le champ de travail est vaste si l\u2019on veut sauvegarder au d\u00e9part.<\/em>\u00bb (Extrait d\u2019un compte-rendu du Conseil d\u2019Administration) <\/p>\n\n\n\n<p class=\"wp-block-paragraph\">Dans les ann\u00e9es 70, au d\u00e9part \u00e0 la retraite de l&rsquo;\u00e9ducateur, l&rsquo;accueil des enfants n&rsquo;est pas reconduit. \u00c9mergent alors deux initiatives compl\u00e9mentaires \u00e0 l\u2019Aubre\u00e7ay\u202f: Regain, coop\u00e9rative \u00e0 vocation \u00e9cologique, qui sera malheureusement abandonn\u00e9e dans les ann\u00e9es 80, et le CART, centre d\u2019adaptation et de r\u00e9adaptation au travail, qui devient en 2008 un ESAT (\u00c9tablissement et service d\u2019aide par le travail), g\u00e9r\u00e9 par la Fondation des diaconesses. La Fondation s&rsquo;occupe aujourd&rsquo;hui de l\u2019accompagnement social et professionnel des r\u00e9fugi\u00e9s statutaires. L\u2019Aubre\u00e7ay devient un centre d\u2019h\u00e9bergement et accueille les bureaux des travailleurs sociaux de la Fondation.<\/p>\n\n\n\n<figure class=\"wp-block-gallery has-nested-images columns-default is-cropped wp-block-gallery-2 is-layout-flex wp-block-gallery-is-layout-flex\">\n<figure class=\"wp-block-image size-large\"><img loading=\"lazy\" decoding=\"async\" width=\"2560\" height=\"1441\" data-id=\"330\" src=\"https:\/\/www.entraideprotestantelarochelle.fr\/SiteEntraide\/wp-content\/uploads\/2024\/04\/05-CART-300cmjn-edited-scaled.jpg\" alt=\"\" class=\"wp-image-330\" srcset=\"https:\/\/www.entraideprotestantelarochelle.fr\/SiteEntraide\/wp-content\/uploads\/2024\/04\/05-CART-300cmjn-edited-scaled.jpg 2560w, https:\/\/www.entraideprotestantelarochelle.fr\/SiteEntraide\/wp-content\/uploads\/2024\/04\/05-CART-300cmjn-edited-300x169.jpg 300w, https:\/\/www.entraideprotestantelarochelle.fr\/SiteEntraide\/wp-content\/uploads\/2024\/04\/05-CART-300cmjn-edited-1024x577.jpg 1024w, https:\/\/www.entraideprotestantelarochelle.fr\/SiteEntraide\/wp-content\/uploads\/2024\/04\/05-CART-300cmjn-edited-768x432.jpg 768w, https:\/\/www.entraideprotestantelarochelle.fr\/SiteEntraide\/wp-content\/uploads\/2024\/04\/05-CART-300cmjn-edited-1536x865.jpg 1536w, https:\/\/www.entraideprotestantelarochelle.fr\/SiteEntraide\/wp-content\/uploads\/2024\/04\/05-CART-300cmjn-edited-2048x1153.jpg 2048w\" sizes=\"auto, (max-width: 2560px) 100vw, 2560px\" \/><\/figure>\n\n\n\n<figure class=\"wp-block-image size-large\"><img loading=\"lazy\" decoding=\"async\" width=\"2560\" height=\"1439\" data-id=\"332\" src=\"https:\/\/www.entraideprotestantelarochelle.fr\/SiteEntraide\/wp-content\/uploads\/2024\/04\/05-Photo-Aubrecay-CART2-300cmjn-edited-scaled.jpg\" alt=\"\" class=\"wp-image-332\" srcset=\"https:\/\/www.entraideprotestantelarochelle.fr\/SiteEntraide\/wp-content\/uploads\/2024\/04\/05-Photo-Aubrecay-CART2-300cmjn-edited-scaled.jpg 2560w, https:\/\/www.entraideprotestantelarochelle.fr\/SiteEntraide\/wp-content\/uploads\/2024\/04\/05-Photo-Aubrecay-CART2-300cmjn-edited-300x169.jpg 300w, https:\/\/www.entraideprotestantelarochelle.fr\/SiteEntraide\/wp-content\/uploads\/2024\/04\/05-Photo-Aubrecay-CART2-300cmjn-edited-1024x576.jpg 1024w, https:\/\/www.entraideprotestantelarochelle.fr\/SiteEntraide\/wp-content\/uploads\/2024\/04\/05-Photo-Aubrecay-CART2-300cmjn-edited-768x432.jpg 768w, https:\/\/www.entraideprotestantelarochelle.fr\/SiteEntraide\/wp-content\/uploads\/2024\/04\/05-Photo-Aubrecay-CART2-300cmjn-edited-1536x864.jpg 1536w, https:\/\/www.entraideprotestantelarochelle.fr\/SiteEntraide\/wp-content\/uploads\/2024\/04\/05-Photo-Aubrecay-CART2-300cmjn-edited-2048x1152.jpg 2048w\" sizes=\"auto, (max-width: 2560px) 100vw, 2560px\" \/><\/figure>\n<\/figure>\n\n\n\n<p class=\"wp-block-paragraph\">En 2021 la r\u00e9appropriation du domaine de l&rsquo;Aubre\u00e7ay permet l&rsquo;installation de mara\u00eechers bio, d&rsquo;un chantier d&rsquo;insertion et le d\u00e9veloppement d&rsquo;un tiers-lieu alimentaire et nourricier.&nbsp;<\/p>\n\n\n\n<p class=\"wp-block-paragraph\"><strong>Une soci\u00e9t\u00e9 qui \u00e9volue<\/strong><\/p>\n\n\n\n<p class=\"wp-block-paragraph\">Avec l&rsquo;\u00e9mergence de la CAF dans les ann\u00e9es 70 et du CCAS fin des ann\u00e9es 80, l&rsquo;Entraide protestante voit son activit\u00e9 du centre-ville se resserrer sur l&rsquo;aide alimentaire et agit en \u00e9troite collaboration avec les services publics. Trois sites sont alors d\u00e9velopp\u00e9s en hypercentre de La Rochelle, rue du Brave Rondeau, \u00e0 Villeneuve-les-salines&nbsp;avec la paroisse catholique,&nbsp;\u00e0 Mireuil,&nbsp; pour accueillir les b\u00e9n\u00e9ficiaires et assurer la distribution.&nbsp;&nbsp;<\/p>\n\n\n\n<p class=\"wp-block-paragraph\">D&rsquo;autres actions&nbsp;sont \u00e9galement men\u00e9es, comme des aides financi\u00e8res r\u00e9guli\u00e8res aux plus d\u00e9munis et&nbsp;pour la reconstruction d&rsquo;une \u00e9cole \u00e0 Madagascar en 2022, la participation \u00e0 une distribution alimentaire aux sans domicile fixe, la cr\u00e9ation avec d&rsquo;autres associations d&rsquo;une aide aux sortants de prison. &nbsp;<\/p>\n\n\n\n<p class=\"wp-block-paragraph\">Aujourd&rsquo;hui, l&rsquo;Entraide protestante fait le constat d&rsquo;un nombre d&rsquo;appels de d\u00e9munis toujours plus important et de ressources allou\u00e9es en diminution.&nbsp;Son action est plus que jamais essentielle au c\u0153ur de notre cit\u00e9.<\/p>\n\n\n\n<figure class=\"wp-block-gallery has-nested-images columns-default is-cropped wp-block-gallery-3 is-layout-flex wp-block-gallery-is-layout-flex\">\n<figure class=\"wp-block-image size-large\"><img loading=\"lazy\" decoding=\"async\" width=\"2560\" height=\"1439\" data-id=\"333\" src=\"https:\/\/www.entraideprotestantelarochelle.fr\/SiteEntraide\/wp-content\/uploads\/2024\/04\/IMG_4020-edited-scaled.jpg\" alt=\"\" class=\"wp-image-333\" srcset=\"https:\/\/www.entraideprotestantelarochelle.fr\/SiteEntraide\/wp-content\/uploads\/2024\/04\/IMG_4020-edited-scaled.jpg 2560w, https:\/\/www.entraideprotestantelarochelle.fr\/SiteEntraide\/wp-content\/uploads\/2024\/04\/IMG_4020-edited-300x169.jpg 300w, https:\/\/www.entraideprotestantelarochelle.fr\/SiteEntraide\/wp-content\/uploads\/2024\/04\/IMG_4020-edited-1024x576.jpg 1024w, https:\/\/www.entraideprotestantelarochelle.fr\/SiteEntraide\/wp-content\/uploads\/2024\/04\/IMG_4020-edited-768x432.jpg 768w, https:\/\/www.entraideprotestantelarochelle.fr\/SiteEntraide\/wp-content\/uploads\/2024\/04\/IMG_4020-edited-1536x864.jpg 1536w, https:\/\/www.entraideprotestantelarochelle.fr\/SiteEntraide\/wp-content\/uploads\/2024\/04\/IMG_4020-edited-2048x1152.jpg 2048w\" sizes=\"auto, (max-width: 2560px) 100vw, 2560px\" \/><\/figure>\n\n\n\n<figure class=\"wp-block-image size-large\"><img loading=\"lazy\" decoding=\"async\" width=\"2560\" height=\"1439\" data-id=\"334\" src=\"https:\/\/www.entraideprotestantelarochelle.fr\/SiteEntraide\/wp-content\/uploads\/2024\/04\/IMG_4014-1-edited-scaled.jpg\" alt=\"\" class=\"wp-image-334\" srcset=\"https:\/\/www.entraideprotestantelarochelle.fr\/SiteEntraide\/wp-content\/uploads\/2024\/04\/IMG_4014-1-edited-scaled.jpg 2560w, https:\/\/www.entraideprotestantelarochelle.fr\/SiteEntraide\/wp-content\/uploads\/2024\/04\/IMG_4014-1-edited-300x169.jpg 300w, https:\/\/www.entraideprotestantelarochelle.fr\/SiteEntraide\/wp-content\/uploads\/2024\/04\/IMG_4014-1-edited-1024x576.jpg 1024w, https:\/\/www.entraideprotestantelarochelle.fr\/SiteEntraide\/wp-content\/uploads\/2024\/04\/IMG_4014-1-edited-768x432.jpg 768w, https:\/\/www.entraideprotestantelarochelle.fr\/SiteEntraide\/wp-content\/uploads\/2024\/04\/IMG_4014-1-edited-1536x864.jpg 1536w, https:\/\/www.entraideprotestantelarochelle.fr\/SiteEntraide\/wp-content\/uploads\/2024\/04\/IMG_4014-1-edited-2048x1152.jpg 2048w\" sizes=\"auto, (max-width: 2560px) 100vw, 2560px\" \/><\/figure>\n<\/figure>\n\n\n\n<p class=\"wp-block-paragraph\"><\/p>\n\n\n\n<p class=\"wp-block-paragraph\"><\/p>\n\n\n\n<p class=\"wp-block-paragraph\"><\/p>\n","protected":false},"excerpt":{"rendered":"<p>Membres du Conseil d&rsquo;administration Le pasteur de l&rsquo;Eglise protestante unie de La Rochelle est invit\u00e9 au Conseil d&rsquo;administration. L\u2019Entraide protestante de La Rochelle est membre de la F\u00e9d\u00e9ration de l\u2019Entraide protestante. Historique Du XIXe au milieu du XXe si\u00e8cle, les protestants repr\u00e9sentent 10\u2009% de la population rochelaise, soit 1000 habitants environ. Loin de n\u2019\u00eatre que [&hellip;]<\/p>\n","protected":false},"author":1,"featured_media":0,"parent":0,"menu_order":0,"comment_status":"closed","ping_status":"closed","template":"","meta":{"_crdt_document":"","_mc_calendar":[],"footnotes":""},"class_list":["post-34","page","type-page","status-publish","hentry"],"_links":{"self":[{"href":"https:\/\/www.entraideprotestantelarochelle.fr\/SiteEntraide\/wp-json\/wp\/v2\/pages\/34","targetHints":{"allow":["GET"]}}],"collection":[{"href":"https:\/\/www.entraideprotestantelarochelle.fr\/SiteEntraide\/wp-json\/wp\/v2\/pages"}],"about":[{"href":"https:\/\/www.entraideprotestantelarochelle.fr\/SiteEntraide\/wp-json\/wp\/v2\/types\/page"}],"author":[{"embeddable":true,"href":"https:\/\/www.entraideprotestantelarochelle.fr\/SiteEntraide\/wp-json\/wp\/v2\/users\/1"}],"replies":[{"embeddable":true,"href":"https:\/\/www.entraideprotestantelarochelle.fr\/SiteEntraide\/wp-json\/wp\/v2\/comments?post=34"}],"version-history":[{"count":18,"href":"https:\/\/www.entraideprotestantelarochelle.fr\/SiteEntraide\/wp-json\/wp\/v2\/pages\/34\/revisions"}],"predecessor-version":[{"id":554,"href":"https:\/\/www.entraideprotestantelarochelle.fr\/SiteEntraide\/wp-json\/wp\/v2\/pages\/34\/revisions\/554"}],"wp:attachment":[{"href":"https:\/\/www.entraideprotestantelarochelle.fr\/SiteEntraide\/wp-json\/wp\/v2\/media?parent=34"}],"curies":[{"name":"wp","href":"https:\/\/api.w.org\/{rel}","templated":true}]}}