{"id":455,"date":"2024-06-05T15:33:42","date_gmt":"2024-06-05T15:33:42","guid":{"rendered":"https:\/\/www.entraideprotestantelarochelle.fr\/SiteEntraide\/?page_id=455"},"modified":"2025-10-09T09:49:58","modified_gmt":"2025-10-09T09:49:58","slug":"actualites","status":"publish","type":"page","link":"https:\/\/www.entraideprotestantelarochelle.fr\/SiteEntraide\/actualites\/","title":{"rendered":"Actualit\u00e9s"},"content":{"rendered":"\n<div class=\"wp-block-group has-global-padding is-layout-constrained wp-block-group-is-layout-constrained\">\n<div id=\"sb_instagram\"  class=\"sbi sbi_mob_col_3 sbi_tab_col_3 sbi_col_3 sbi_width_resp\" style=\"padding-bottom: 10px;\"\t data-feedid=\"*1\"  data-res=\"auto\" data-cols=\"3\" data-colsmobile=\"3\" data-colstablet=\"3\" data-num=\"3\" data-nummobile=\"3\" data-item-padding=\"5\"\t data-shortcode-atts=\"{}\"  data-postid=\"455\" data-locatornonce=\"e0474b21e2\" data-imageaspectratio=\"1:1\" data-sbi-flags=\"favorLocal\">\n\t\n\t<div id=\"sbi_images\"  style=\"gap: 10px;\">\n\t\t\t<\/div>\n\n\t<div id=\"sbi_load\" >\n\n\t\n\t\t\t<span class=\"sbi_follow_btn sbi_custom\" >\n\t\t\t<a target=\"_blank\"\n\t\t\t\trel=\"nofollow noopener\"  href=\"https:\/\/www.instagram.com\/8858748127492829\/\" style=\"background: rgb(64,139,209);\">\n\t\t\t\t<svg class=\"svg-inline--fa fa-instagram fa-w-14\" aria-hidden=\"true\" data-fa-processed=\"\" aria-label=\"Instagram\" data-prefix=\"fab\" data-icon=\"instagram\" role=\"img\" viewBox=\"0 0 448 512\">\n                    <path fill=\"currentColor\" d=\"M224.1 141c-63.6 0-114.9 51.3-114.9 114.9s51.3 114.9 114.9 114.9S339 319.5 339 255.9 287.7 141 224.1 141zm0 189.6c-41.1 0-74.7-33.5-74.7-74.7s33.5-74.7 74.7-74.7 74.7 33.5 74.7 74.7-33.6 74.7-74.7 74.7zm146.4-194.3c0 14.9-12 26.8-26.8 26.8-14.9 0-26.8-12-26.8-26.8s12-26.8 26.8-26.8 26.8 12 26.8 26.8zm76.1 27.2c-1.7-35.9-9.9-67.7-36.2-93.9-26.2-26.2-58-34.4-93.9-36.2-37-2.1-147.9-2.1-184.9 0-35.8 1.7-67.6 9.9-93.9 36.1s-34.4 58-36.2 93.9c-2.1 37-2.1 147.9 0 184.9 1.7 35.9 9.9 67.7 36.2 93.9s58 34.4 93.9 36.2c37 2.1 147.9 2.1 184.9 0 35.9-1.7 67.7-9.9 93.9-36.2 26.2-26.2 34.4-58 36.2-93.9 2.1-37 2.1-147.8 0-184.8zM398.8 388c-7.8 19.6-22.9 34.7-42.6 42.6-29.5 11.7-99.5 9-132.1 9s-102.7 2.6-132.1-9c-19.6-7.8-34.7-22.9-42.6-42.6-11.7-29.5-9-99.5-9-132.1s-2.6-102.7 9-132.1c7.8-19.6 22.9-34.7 42.6-42.6 29.5-11.7 99.5-9 132.1-9s102.7-2.6 132.1 9c19.6 7.8 34.7 22.9 42.6 42.6 11.7 29.5 9 99.5 9 132.1s2.7 102.7-9 132.1z\"><\/path>\n                <\/svg>\t\t\t\t<span>Suivre sur Instagram<\/span>\n\t\t\t<\/a>\n\t\t<\/span>\n\t\n<\/div>\n\t\t<span class=\"sbi_resized_image_data\" data-feed-id=\"*1\"\n\t\t  data-resized=\"[]\">\n\t<\/span>\n\t<\/div>\n\n<\/div>\n\n\n\n<p class=\"wp-block-paragraph\"><strong>Une s\u00e9rie d&rsquo;\u00e9missions en partenariat avec la radio RCF<\/strong><\/p>\n\n\n\n<div class=\"wp-block-media-text is-stacked-on-mobile\" style=\"grid-template-columns:15% auto\"><figure class=\"wp-block-media-text__media\"><img loading=\"lazy\" decoding=\"async\" width=\"1024\" height=\"871\" src=\"https:\/\/www.entraideprotestantelarochelle.fr\/SiteEntraide\/wp-content\/uploads\/2024\/10\/t_625ff99e30779767689318-1024x871.png\" alt=\"\" class=\"wp-image-504 size-full\" srcset=\"https:\/\/www.entraideprotestantelarochelle.fr\/SiteEntraide\/wp-content\/uploads\/2024\/10\/t_625ff99e30779767689318-1024x871.png 1024w, https:\/\/www.entraideprotestantelarochelle.fr\/SiteEntraide\/wp-content\/uploads\/2024\/10\/t_625ff99e30779767689318-300x255.png 300w, https:\/\/www.entraideprotestantelarochelle.fr\/SiteEntraide\/wp-content\/uploads\/2024\/10\/t_625ff99e30779767689318-768x653.png 768w, https:\/\/www.entraideprotestantelarochelle.fr\/SiteEntraide\/wp-content\/uploads\/2024\/10\/t_625ff99e30779767689318.png 1181w\" sizes=\"auto, (max-width: 1024px) 100vw, 1024px\" \/><\/figure><div class=\"wp-block-media-text__content\">\n<p class=\"wp-block-paragraph\">Chaque mois, nous partons \u00e0 la d\u00e9couverte d\u2019enjeux li\u00e9s \u00e0 l\u2019alimentation, \u00e0 la transition agro\u00e9cologique et alimentaire, \u00e0 la transformation des pratiques alimentaires, \u00e0 celle de la distribution aux personnes pr\u00e9caires au travers des actions du tiers-lieu des Jardins de l\u2019Aubre\u00e7ay, de ses parties prenantes et de ses partenaires. Il sera question de s\u00e9curit\u00e9 alimentaire, de r\u00e9silience, de solidarit\u00e9. Ces \u00e9missions sont produites par l&rsquo;Entraide protestante de La Rochelle en partenariat avec RCF.<\/p>\n\n\n\n<p class=\"wp-block-paragraph\"><a href=\"https:\/\/www.rcf.fr\/ecologie-et-solidarite\/les-jardins-de-laubrecay\">https:\/\/www.rcf.fr\/ecologie-et-solidarite\/les-jardins-de-laubrecay<\/a><\/p>\n\n\n\n<p class=\"wp-block-paragraph\"><\/p>\n<\/div><\/div>\n\n\n\n<div class=\"wp-block-media-text is-stacked-on-mobile\" style=\"grid-template-columns:15% auto\"><figure class=\"wp-block-media-text__media\"><img loading=\"lazy\" decoding=\"async\" width=\"721\" height=\"720\" src=\"https:\/\/www.entraideprotestantelarochelle.fr\/SiteEntraide\/wp-content\/uploads\/2025\/09\/logo-ATC.jpeg\" alt=\"\" class=\"wp-image-556 size-full\" srcset=\"https:\/\/www.entraideprotestantelarochelle.fr\/SiteEntraide\/wp-content\/uploads\/2025\/09\/logo-ATC.jpeg 721w, https:\/\/www.entraideprotestantelarochelle.fr\/SiteEntraide\/wp-content\/uploads\/2025\/09\/logo-ATC-300x300.jpeg 300w, https:\/\/www.entraideprotestantelarochelle.fr\/SiteEntraide\/wp-content\/uploads\/2025\/09\/logo-ATC-150x150.jpeg 150w\" sizes=\"auto, (max-width: 721px) 100vw, 721px\" \/><\/figure><div class=\"wp-block-media-text__content\">\n<p class=\"wp-block-paragraph\"><\/p>\n\n\n\n<p class=\"wp-block-paragraph\">La nouvelle \u00e9mission A table citoyens&nbsp;! se recentre sur l&rsquo;alimentation. Plus qu\u2019un mot d\u2019ordre, c\u2019est une invitation \u00e0 nous rejoindre pour aborder avec enthousiasme les changements \u00e0 venir&nbsp;en mati\u00e8re de transitions agro\u00e9cologiques et alimentaires. Transformer les syst\u00e8mes suppose d\u00e9j\u00e0 de mieux les conna\u00eetre et de mieux les comprendre. L\u2019enjeu est de taille car l\u2019alimentation est au c\u0153ur de nos vies. Au-del\u00e0 de sa fonction biologique, elle nous relie aux autres, \u00e0 nous-m\u00eames et de mani\u00e8re g\u00e9n\u00e9rale au vivant. Elle a un r\u00f4le \u00e9conomique, culturel et environnemental, h\u00e9donique aussi. Faire la r\u00e9volution de l\u2019alimentation, instaurer plus de d\u00e9mocratie alimentaire, de solidarit\u00e9, d\u2019inclusivit\u00e9, retrouver notre pouvoir d\u2019agir sur le syst\u00e8me est une exp\u00e9rience r\u00e9jouissante.<\/p>\n\n\n\n<p class=\"wp-block-paragraph\"><a href=\"https:\/\/www.rcf.fr\/ecologie-et-solidarite\/a-table-citoyens?episode=615841\">https:\/\/www.rcf.fr\/ecologie-et-solidarite\/a-table-citoyens?episode=615841<\/a><br><\/p>\n<\/div><\/div>\n\n\n\n<p class=\"wp-block-paragraph\"><strong>S&rsquo;inscrire \u00e0 la newsletter<\/strong><\/p>\n\n\n<p>[sibwp_form id=1]<\/p>\n\n\n\n<p class=\"wp-block-paragraph\">*champ obligatoire<\/p>\n\n\n\n<p class=\"wp-block-paragraph\"><\/p>\n","protected":false},"excerpt":{"rendered":"<p>Une s\u00e9rie d&rsquo;\u00e9missions en partenariat avec la radio RCF Chaque mois, nous partons \u00e0 la d\u00e9couverte d\u2019enjeux li\u00e9s \u00e0 l\u2019alimentation, \u00e0 la transition agro\u00e9cologique et alimentaire, \u00e0 la transformation des pratiques alimentaires, \u00e0 celle de la distribution aux personnes pr\u00e9caires au travers des actions du tiers-lieu des Jardins de l\u2019Aubre\u00e7ay, de ses parties prenantes et [&hellip;]<\/p>\n","protected":false},"author":1,"featured_media":0,"parent":0,"menu_order":0,"comment_status":"closed","ping_status":"closed","template":"","meta":{"_crdt_document":"","_mc_calendar":[],"footnotes":""},"class_list":["post-455","page","type-page","status-publish","hentry"],"_links":{"self":[{"href":"https:\/\/www.entraideprotestantelarochelle.fr\/SiteEntraide\/wp-json\/wp\/v2\/pages\/455","targetHints":{"allow":["GET"]}}],"collection":[{"href":"https:\/\/www.entraideprotestantelarochelle.fr\/SiteEntraide\/wp-json\/wp\/v2\/pages"}],"about":[{"href":"https:\/\/www.entraideprotestantelarochelle.fr\/SiteEntraide\/wp-json\/wp\/v2\/types\/page"}],"author":[{"embeddable":true,"href":"https:\/\/www.entraideprotestantelarochelle.fr\/SiteEntraide\/wp-json\/wp\/v2\/users\/1"}],"replies":[{"embeddable":true,"href":"https:\/\/www.entraideprotestantelarochelle.fr\/SiteEntraide\/wp-json\/wp\/v2\/comments?post=455"}],"version-history":[{"count":23,"href":"https:\/\/www.entraideprotestantelarochelle.fr\/SiteEntraide\/wp-json\/wp\/v2\/pages\/455\/revisions"}],"predecessor-version":[{"id":560,"href":"https:\/\/www.entraideprotestantelarochelle.fr\/SiteEntraide\/wp-json\/wp\/v2\/pages\/455\/revisions\/560"}],"wp:attachment":[{"href":"https:\/\/www.entraideprotestantelarochelle.fr\/SiteEntraide\/wp-json\/wp\/v2\/media?parent=455"}],"curies":[{"name":"wp","href":"https:\/\/api.w.org\/{rel}","templated":true}]}}